ommon divisor of 123785640 and 44?
44
Calculate the highest common factor of 1692805 and 1030.
515
What is the greatest common divisor of 117 and 26586976?
13
Calculate the highest common divisor of 76 and 7612730.
38
Calculate the greatest common factor of 177708300 and 1320.
660
Calculate the greatest common divisor of 761002 and 242.
22
What is the highest common divisor of 4416 and 301611328?
1472
Calculate the greatest common factor of 40 and 10884980.
20
What is the greatest common factor of 13825 and 260575?
175
Calculate the greatest common factor of 580 and 950446.
58
What is the greatest common factor of 352 and 7034544?
176
What is the highest common divisor of 177 and 32840403?
177
What is the highest common factor of 104 and 8427496?
8
What is the highest common divisor of 87673 and 571736?
73
Calculate the greatest common factor of 41709 and 1314.
3
What is the greatest common divisor of 924255 and 75555?
1035
Calculate the greatest common factor of 1892487 and 1172.
293
What is the greatest common divisor of 55800732 and 7146?
2382
What is the greatest common factor of 9910728 and 2584?
136
Calculate the greatest common divisor of 169 and 2369224.
13
What is the greatest common divisor of 833 and 131978021?
833
What is the greatest common divisor of 262766 and 1442?
14
Calculate the greatest common divisor of 3865216 and 480.
32
Calculate the highest common factor of 5175 and 18042975.
225
Calculate the highest common divisor of 24 and 2080050.
6
What is the highest common divisor of 1422 and 23844?
6
Calculate the highest common factor of 281019204 and 1316.
188
What is the highest common divisor of 5120 and 10075?
5
Calculate the greatest common factor of 1936 and 13966909.
121
What is the highest common factor of 535098 and 4415883?
2649
Calculate the greatest common divisor of 781 and 2139727.
71
What is the greatest common factor of 13934 and 4822?
2
What is the highest common factor of 1631684 and 440728?
2476
What is the greatest common divisor of 5259392 and 23936?
2176
What is the highest common divisor of 5 and 932337?
1
What is the highest common divisor of 45320 and 33088?
88
Calculate the greatest common divisor of 23595 and 14120095.
605
What is the greatest common factor of 168005725 and 50?
25
Calculate the highest common factor of 2215291 and 874.
23
What is the highest common factor of 6146540 and 60114?
466
What is the highest common divisor of 64311 and 88621?
221
Calculate the greatest common divisor of 37303 and 4015.
73
Calculate the greatest common factor of 1863 and 7631469.
621
What is the greatest common divisor of 54 and 66213639?
27
What is the greatest common divisor of 504 and 13140072?
72
Calculate the highest common divisor of 137144 and 14532.
28
What is the greatest common divisor of 140360 and 9797370?
1210
What is the highest common divisor of 403250100 and 600?
300
Calculate the greatest common factor of 14042 and 20631506.
238
What is the greatest common divisor of 45384 and 282918?
366
Calculate the highest common factor of 1596237 and 41124.
447
What is the highest common divisor of 418816 and 877568?
1024
Calculate the highest common divisor of 120083 and 20203.
227
Calculate the highest common divisor of 69886 and 431104.
842
Calculate the greatest common factor of 1242 and 48522.
6
Calculate the highest common factor of 234382134 and 2604.
1302
Calculate the greatest common factor of 51733 and 1377979.
4703
What is the highest common factor of 135729 and 1999701?
297
Calculate the highest common factor of 70765 and 2705.
5
Calculate the greatest common factor of 486702 and 504.
18
What is the greatest common divisor of 16748 and 656630462?
8374
Calculate the greatest common divisor of 671336 and 56048.
248
What is the highest common factor of 792833 and 6302?
23
Calculate the highest common factor of 903 and 5323701.
129
What is the highest common divisor of 21 and 40049359?
7
Calculate the highest common factor of 12 and 32164208.
4
What is the greatest common divisor of 27206810 and 2370?
790
What is the greatest common factor of 11820330 and 85?
5
Calculate the greatest common divisor of 61080393 and 3338.
1669
Calculate the greatest common factor of 400505 and 84.
7
Calculate the highest common divisor of 1658860 and 67732.
1148
Calculate the highest common divisor of 2457 and 10608.
39
Calculate the highest common divisor of 20611473 and 3933.
69
What is the greatest common divisor of 391127 and 259?
37
What is the highest common divisor of 12036 and 69204?
12
Calculate the highest common factor of 1208 and 16610302.
302
What is the highest common factor of 150 and 729214?
2
What is the greatest common factor of 476287530 and 12390?
1770
Calculate the greatest common divisor of 7978924 and 944.
236
What is the highest common factor of 34 and 99299108?
34
Calculate the highest common divisor of 3014754 and 17958.
438
Calculate the highest common divisor of 14192 and 3712.
16
What is the greatest common divisor of 625 and 48483125?
625
Calculate the highest common factor of 4596 and 2397828.
12
What is the highest common factor of 46228 and 186368?
364
Calculate the greatest common divisor of 16120203 and 25239.
537
Calculate the greatest common factor of 146921503 and 257.
257
What is the greatest common factor of 191952 and 23263516?
5332
Calculate the highest common factor of 13 and 31865899.
13
What is the greatest common factor of 60250 and 874125?
125
Calculate the highest common divisor of 84 and 16104634.
14
Calculate the greatest common divisor of 51184 and 207088.
112
What is the highest common divisor of 30217 and 3070342?
737
What is the greatest common factor of 31858 and 2355469017?
15929
Calculate the greatest common divisor of 1076589 and 4876.
53
Calculate the greatest common divisor of 230 and 857895630.
230
Calculate the greatest common divisor of 826050 and 11982.
6
What is the greatest common divisor of 95 and 18865309?
19
What is the greatest common factor of 1916580 and 6460?
340
What is the greatest common factor of 119220 and 24180?
60
What is the greatest common divisor of 94256 and 2791904?
688
Calculate the highest common factor of 2788865 and 575.
115
What is the highest common divisor of 288 and 2303128?
8
Calculate the greatest common factor of 32680 and 47487080.
760
What is the greatest common divisor of 636 and 705156?
12
What is the greatest common divisor of 282308 and 4514?
122
Calculate the greatest common factor of 13583 and 1104847.
289
What is the greatest common divisor of 926 and 8966458?
926
What is the highest common factor of 115470 and 259166?
2566
What is the highest common factor of 69803928 and 2979?
2979
What is the greatest common divisor of 18270180 and 30?
30
Calculate the highest common divisor of 95 and 1046094685.
95
Calculate the greatest common factor of 22517 and 130687689.
979
Calculate the highest common divisor of 49 and 47619873.
7
What is the greatest common factor of 329 and 764549?
47
What is the highest common factor of 1052492 and 182?
14
What is the highest common factor of 108 and 6432228?
36
Calculate the highest common divisor of 81541 and 54823.
73
Calculate the highest common divisor of 32944 and 63394.
58
What is the greatest common factor of 1710 and 6463458?
342
What is the highest common factor of 223958 and 6202?
14
Calculate the greatest common factor of 9964794 and 63.
21
Calculate the greatest common factor of 2385 and 311316435.
2385
What is the greatest common divisor of 638928 and 163676?
1972
What is the greatest common factor of 66758600 and 600?
200
Calculate the greatest common factor of 30129 and 3965823.
249
Calculate the greatest common divisor of 181 and 2122768.
181
What is the highest common divisor of 152540 and 1858320?
580
Calculate the highest common divisor of 3702699 and 49203.
693
Calculate the greatest common divisor of 146535051 and 1807.
1807
Calculate the greatest common factor of 56682 and 851436.
1206
What is the greatest common divisor of 1069278 and 6958?
98
Calculate the greatest common divisor of 35716657 and 1108.
277
What is the highest common factor of 38 and 1907699731?
19
Calculate the greatest common factor of 132 and 80138388.
132
What is the greatest common f